-3).
-6
Let o(n) be the third derivative of -n**4/4 - 7*n**3/6 - n**2 - 3*n. Determine o(-5).
23
Let b be 21/(-7) - -14*1. Let x(f) = -f + 16 + 4 - 5 - 1. Calculate x(b).
3
Let j be 18/12*16/6. Let a(i) = -3 - 2*i - j - i**2 + 3 + 0. Give a(-3).
-7
Let p(y) = 701 - 2*y**3 - 700 + y**3 - 5*y**2. Let l be 4/7 + 663/(-119). Determine p(l).
1
Let q(i) = -i**2 - 5*i - 3. Suppose -5*o + 0*o = 2*y - 101, 4*y = 3*o + 241. Let h = -64 + y. Give q(h).
-9
Let o(z) = 4*z - 19. Let u be (8 - 414/45)*10/(-3). Calculate o(u).
-3
Let s(l) = l**3 + l**2 - l + 5. Let c be s(0). Let b(q) be the second derivative of -q**3/6 + q**2 + 7*q - 54. Calculate b(c).
-3
Let j be 6/(-26) - 2175/(-975). Let p(u) be the first derivative of -2*u + 1/2*u**j - 1/3*u**3 + 10. Give p(2).
-4
Let m(q) = -7*q + 6. Let p(j) = -11*j + 7. Let u(l) = 3*m(l) - 2*p(l). Give u(-5).
-1
Let g(d) = 2*d**2 - 3*d + 3. Let r(o) = 3*o**2 + 8*o - 1. Suppose 35*s = 32*s - 9. Let y be r(s). Give g(y).
5
Let i(g) = 11 - g + 3 - 4 + 0. Let l = 35 + -27. Determine i(l).
2
Suppose -7*h - 25 + 46 = 0. Let q(w) = w**3 - 4*w**2 - 3 - 3*w + 3*w + 4*w. What is q(h)?
0
Let d(i) = 2*i - 3. Let l = -52 - -49. What is d(l)?
-9
Let d(y) = -4*y**2 - 2 - 4862*y + 2435*y + y**3 + 2425*y. What is d(5)?
13
Let y = -10 + 13. Let b(d) = -3*d**y + 24*d**2 - 3*d**3 - 25*d**2 + 4*d**3. Let m be b(1). Let s(j) = j**2 + 3*j + 1. Calculate s(m).
1
Let m(w) = -w**3 - 4*w**2 + 10*w + 9. Suppose 16*b + 58 = -38. Calculate m(b).
21
Let r(s) = -s - 1. Let k(v) = -2*v - 2. Let m(g) = -3*k(g) + 5*r(g). Suppose -78*j + 77*j + 1 = 0. Determine m(j).
2
Let f(o) = o**2 - 17*o + 3. Let h(t) = -4*t + 1. Let k(i) = 2*f(i) - 9*h(i). Let g = 17 + -16. Let z be (-5 - (-3)/3) + g. Give k(z).
9
Suppose -16 = -4*x - y - 3*y, 3*y + 3 = 0. Let b(f) = -f**3 + 7*f - f**3 - f + f**3 + x*f**2 - 4. Suppose q = -0*q + 6. Give b(q).
-4
Suppose j - 17 - 5 = -5*y, 3*j = 4*y - 10. Let w(s) = 2*s - 7. Calculate w(y).
1
Let n(h) = -9785*h**2 + 9787*h**2 - 6 + 4 + h. Determine n(3).
19
Let x(j) = j**3 - 2*j**2 - 3*j - 3. Suppose -3*k = -z - 5, 2*z + 0 = k + 5. Calculate x(k).
-3
Let l(b) = -b**3 + 7*b**2 - 8*b + 3. Let t(o) = 2*o**2 - 28*o + 32. Let f be t(13). Determine l(f).
-9
Let m be -2 + 4/(20/35). Let r be 2 + ((-25)/(-5))/m. Suppose 0*c = 4*c + 5*v, r*c = 3*v. Let z(j) = j**3 - j + 4. Calculate z(c).
4
Let d(k) = 96*k. Let s(a) = 5*a. Let h(w) = 6*d(w) - 112*s(w). Determine h(1).
16
Let x(z) = -z**2 + 6*z + 9. Let t(w) = -3*w + 1. Let m be t(-2). Let b be x(m). Let u(l) = 2 + 2*l - 1 + l**3 + 6*l + b + 8*l**2. What is u(-7)?
-4
Let d(x) be the first derivative of x**3/6 - x**2/2 + 17*x + 17. Let y(s) be the first derivative of d(s). Determine y(-4).
-5
Let f(s) = -s**2 + 10*s + 9. Suppose 16*o = 45 + 67. What is f(o)?
30
Let u(g) = -g**3 + g**2 + 10*g - 1. Suppose 0 = 5*q - 62 + 42. Calculate u(q).
-9
Let v(l) = 2*l**3 - l**2 + 2*l - 1. Let y be v(1). Let k(o) = -o**3 - o**2 - 2*o + 3. Calculate k(y).
-13
Let h(n) = 5*n + 8. Let p(t) = 9*t + 15. Let o be (-1)/(9/(-56)) - 16/72. Let a(c) = o*p(c) - 11*h(c). Calculate a(-6).
8
Let z(c) be the second derivative of -c**4/6 + c**3/6 + 11*c**2 - 11*c. Let l(b) be the first derivative of z(b). Give l(1).
-3
Let n = 7 - 7. Let i(b) = b**2 + 5*b. Let g be i(-5). Let m(s) = s**3 + 3*s + g*s**3 + s**2 - 3*s - 1. Determine m(n).
-1
Let r(z) = 14*z**2 + z + 1. Let k = 289 - 290. Determine r(k).
14
Let d(p) be the second derivative of 1/6*p**4 + 0*p**2 + 0 + p + 2/3*p**3. Let g = -7 + 4. Determine d(g).
6
Let p = -8 + 4. Let j(m) = -m**2 - 50*m + 4. Let w(t) = t**2 + 18*t - 1. Let y(h) = j(h) + 3*w(h). What is y(p)?
17
Let j be ((-16)/12 - -2)/((-4)/(-12)). Let l(z) = -z + 148 - 2*z**j - 149 + 4*z**2. What is l(-1)?
2
Let z(u) = -9*u**3 - 3*u**2 + 4*u**3 + 4*u**3 - 2*u. Let p be z(-3). Let n(l) = l**3 - 7*l**2 + 6*l + 7. Calculate n(p).
7
Let d = 20 - 15. Let u(p) = d - 17 - p**2 - 7*p + 10. Let n(c) = c**2 - c - 5. Let q be n(0). Determine u(q).
8
Let d(i) = 6 - 5 + 4*i + 4*i**2 - 2*i**2 - 3*i**2. What is d(3)?
4
Let c(w) = -w**3 + 14*w**2 - 35*w + 18. Let h be c(11). Let u(z) = -11*z - 1. Let t(r) = 5*r + 1. Let n(j) = -9*t(j) - 4*u(j). Give n(h).
-1
Let h(w) = w**3 + 4*w**2 - w - 2. Let y be h(-4). Let a be 1*-3 + (-6 - (-3 + -6)). Let u(o) = o**2 + 9 - 2*o + o**3 - 7 + a*o**3 - 1. Determine u(y).
9
Let x(h) = -31*h**2 + 5*h - 6. Let k(y) = -30*y**2 + 6*y - 7. Let v(j) = -6*k(j) + 7*x(j). What is v(1)?
-38
Let r(x) = -2*x**2 + x - 4. Let o be r(0). Let u be -3 - (o/14 + (-247)/91). Let a(m) = -m + 12. Determine a(u).
12
Let k(f) = 2. Let t(a) = a - 1. Let l(w) = 3*k(w) + 6*t(w). Suppose 3*u + 0 = -3. Let b(z) = z**3 + z**2 + 3*z + 2. Let i be b(u). Calculate l(i).
-6
Suppose 3*s - 2*m = 0, s + 0*s + 10 = 4*m. Let d(l) be the third derivative of l**6/120 - l**5/30 + l**4/12 - l**3/3 - l**2 - 46. Determine d(s).
2
Let h = 13 + -13. Let k(z) = -z**3 + 7*z**2 - 7*z + 10. Let y be k(6). Suppose -4*a + 4*r = h, y*r = 5*r. Let n(q) = -q - 2. What is n(a)?
-2
Let v(h) = h**2 + h + 3. Suppose 49 = -4*s + 5*n, -4*s = -8*s + 4*n - 44. Calculate v(s).
33
Let z = -11 + -24. Let d = z + 36. Let f(t) = -3*t. Give f(d).
-3
Let u = -94/41 + 446/123. Let p(t) be the second derivative of -1/12*t**4 - 4*t + u*t**3 + 0 + 3*t**2. Give p(9).
-3
Let i(p) = -2*p + 7. Let m = 42 - 24. Let z be 6/(-9) - (-138)/m. Calculate i(z).
-7
Let z(p) = -p**2 - 6*p - 7. Suppose 2*b = 4, 26 = -3*y - y + 3*b. Determine z(y).
-2
Let q(d) = -d**3 - 4*d**2 + d + 4. Let o(f) = -5*f**2 + f. Let b be ((-8)/6)/(2/3). Let r = b - -3. Let w be o(r). Calculate q(w).
0
Let w(h) be the second derivative of h**3/6 - 14*h**2 + 2*h + 46. Determine w(0).
-28
Let t be 1/(4*1/32). Let k be 2/(-6)*(t + 1). Let s(q) = 5*q + 1. Calculate s(k).
-14
Let x(t) = -4*t**2 + 1. Let w(m) = -m**2 + 28*m - 74. Let k be w(25). What is x(k)?
-3
Let n(t) = -t**3 + t**2 - t - 1. Let v be 24*(-9)/(135/10). Let j be (-26)/v - (-42)/112. Determine n(j).
-7
Suppose 27 = 6*o + 39. Let x(h) = 27*h - 13. Let n(c) = 7*c - 3. Let s(f) = o*x(f) + 9*n(f). What is s(-1)?
-10
Let k(m) = -32*m**2 - 8*m - 2 + 27*m**2 + 6*m**2 + 3. What is k(7)?
-6
Let g(b) = -b**3 + 6*b**2 + 6*b. Let j(u) = -38*u - 297. Let o be j(-8). Calculate g(o).
-7
Let d(z) = 93*z - 46*z - 46*z. Let c(q) = q**2 + 4. Let v(w) = -c(w) + 5*d(w). Calculate v(4).
0
Let p(d) be the first derivative of -d**7/840 + d**6/40 - 7*d**5/120 - d**4/6 - d**3 + 5*d + 24. Let r(u) be the third derivative of p(u). What is r(8)?
4
Suppose 9*n - 18 = -0*n. Let l(t) = 0*t + 67 - 36 - 33 + n*t. Let p be (1 - -3)/(0 - -2). What is l(p)?
2
Suppose -h + 18 = 2*h. Let d(w) = 6*w**3 - 7 - 5*w + 5*w**2 - 5*w**3 - 10*w**2 + 0. Determine d(h).
-1
Suppose -19 = 3*i + 4*d, -8*d = 5*i - 9*d + 24. Let w(f) be the third derivative of 0*f + 7/24*f**4 + 1/3*f**3 + 1/60*f**5 - f**2 + 0. Calculate w(i).
-8
Suppose -2*a + 16 = -l, 5*l + 3*a - 4 = 4*l. Let t(b) = -3*b + 3. Calculate t(l).
27
Let r(u) = 2*u + 3. Let q(a) = 11 - 25 + 2*a + 17. Let c(o) = -o**3 + 6*o**2 - 7*o + 5. Let v be c(5). Let f(d) = v*r(d) + 6*q(d). What is f(-6)?
-9
Let r(z) = -6*z**3 - 2*z**2 - 2*z - 2. Suppose -40*f - 6 = -34*f. Calculate r(f).
4
Let u(o) be the third derivative of o**6/120 + 19*o**5/60 + 11*o**3/6 + 102*o**2. Determine u(-19).
11
Let g(l) = 4 + 17*l - 4*l**2 + 3*l**2 - 17*l. What is g(-4)?
-12
Let g(p) = -p**3 - 5*p**2 - 5*p + 2. Let z(q) = 4*q - 10. Let f be z(4). Suppose f*k + 22 = -2. What is g(k)?
6
Suppose -2*y + 14 = 5*u - 5, -2*u = 5*y + 5. Let c(s) = s + 3*s**2 - 4 - 6*s + 0*s - u*s**2. Let d be c(-2). Let i(f) = f**3 + 2*f**2 + 2*f + 1. Calculate i(d).
-3
Let i(o) = -4*o - 2. Let w(v) be the third derivative of v**4/24 - v**3/6 - 45*v**2. Let m(p) = i(p) + 5*w(p). Let d = 8 - 5. What is m(d)?
-4
Let o(j) = 18 - 3*j + 19 + 17 - 58. Give o(-3).
5
Let r(k) = 5*k + 6. Let a(f) = -15*f - 16. Let g(t) = 6*a(t) + 17*r(t). Determine g(10).
-44
Let c be 252/147 + (18/(-21))/(-3). Let x(s) = -s**3 - s + 1. Let n(w) = -4*w**3 - w**2 - 5*w + 4. Let k(f) = 2*n(f) - 9*x(f). Determine k(c).
-3
Let a(h) = -h**2 + 3*h - 1. Let p(n) = -n**2 - 6*n + 7. Let y be 89/(-13) + (-20)/130. Let l be p(y). Let f(j) = j**3 - j**2 - j + 4. Let x be f(l). Give a(x).
-5
Let u be (4/6)/((-2)/3). 